{"id":15195,"date":"2018-11-20T16:42:18","date_gmt":"2018-11-20T15:42:18","guid":{"rendered":"https:\/\/lichtfeld.ch\/wordpress\/?page_id=15195"},"modified":"2019-03-26T13:21:19","modified_gmt":"2019-03-26T12:21:19","slug":"tom_senn","status":"publish","type":"page","link":"https:\/\/lichtfeld.ch\/wordpress\/tom_senn\/","title":{"rendered":"Tom Senn"},"content":{"rendered":"<div class=\"wpb-content-wrapper\">[vc_row dfd_row_config=&#187;default_row_no_paddings&#187;][vc_column]<div class=\"ult-spacer spacer-69e4df3a037eb\" data-id=\"69e4df3a037eb\" data-height=\"20\" data-height-mobile=\"5\" data-height-tab=\"5\" data-height-tab-portrait=\"\" data-height-mobile-landscape=\"\" style=\"clear:both;display:block;\"><\/div>[\/vc_column][\/vc_row][vc_row][vc_column width=&#187;1\/3&#8243; column_prebuilt_classes=&#187;dfd-mobile-remove-all-paddings&#187; css=&#187;.vc_custom_1453813001966{padding: 10px !important;}&#187;]<div class=\"ult-spacer spacer-69e4df3a03801\" data-id=\"69e4df3a03801\" data-height=\"20\" data-height-mobile=\"20\" data-height-tab=\"20\" data-height-tab-portrait=\"\" data-height-mobile-landscape=\"\" style=\"clear:both;display:block;\"><\/div>[vc_column_text css=&#187;.vc_custom_1537776547894{padding-top: 10px !important;padding-right: 10px !important;padding-bottom: 10px !important;padding-left: 10px !important;}&#187;]<strong>TOM SENN<\/strong><br \/>\n<strong>carry over<\/strong><\/p>\n<p>Installation, Objekte<br \/>\nund Bilder<\/p>\n<p>Tom Senn schafft mit seinen \u00abProtagonisten\u00bb, so nennt er seine einzelnen Arbeiten, installative Bilder im Raum. Sein Augenmerk legt er dabei\u00a0auf das Zusammenf\u00fchren und Zweckentfremden von Fundst\u00fccken. Durch einen Farbanstrich und durch die subtile Kombination mit anderen\u00a0Materialien, \u00fcberf\u00fchrt er Allt\u00e4gliches in skulpturale Arrangements. In\u00a0seiner ersten Solo-Ausstellung in Basel zeiget er mit \u00abcarry over\u00bb\u00a0ein Spannungsfeld zwischen Trash und Poesie.<\/p>\n<p>&nbsp;<\/p>\n<div>\n<p><strong>Vernissage:<\/strong><br \/>\nFreitag, 5. Oktober, 17:30h<\/p>\n<p><strong>Ausstellung:<\/strong><br \/>\nSamstag, 6. Oktober, bis<br \/>\nSamstag, 17. November, 2018<\/p>\n<\/div>\n[\/vc_column_text][vc_column_text css=&#187;.vc_custom_1539181459833{padding-top: 10px !important;padding-right: 10px !important;padding-bottom: 10px !important;padding-left: 10px !important;}&#187;]Ausstellungs-Dokumentation:<br \/>\n<a href=\"https:\/\/lichtfeld.ch\/wordpress\/wp-content\/uploads\/2018\/10\/Ausstellungsdoku_Senn_LF_2018.pdf\" target=\"_blank\" rel=\"noopener\"><strong>Download<\/strong><\/a>[\/vc_column_text][vc_empty_space height=&#187;85px&#187;][\/vc_column][vc_column column_bg_check=&#187;column-background-dark&#187; width=&#187;2\/3&#8243; column_prebuilt_classes=&#187;dfd-mobile-remove-all-paddings&#187;]<div class=\"ult-spacer spacer-69e4df3a0380d\" data-id=\"69e4df3a0380d\" data-height=\"20\" data-height-mobile=\"20\" data-height-tab=\"20\" data-height-tab-portrait=\"\" data-height-mobile-landscape=\"\" style=\"clear:both;display:block;\"><\/div>[vc_single_image image=&#187;15158&#8243; img_size=&#187;full&#187; alignment=&#187;center&#187;][vc_column_text css=&#187;.vc_custom_1537778606922{padding-top: 10px !important;padding-right: 10px !important;padding-bottom: 10px !important;padding-left: 10px !important;}&#187;]\n<p style=\"text-align: right;\"><span style=\"color: #333333;\">Werk: 08092018<\/span><\/p>\n[\/vc_column_text]<div class=\"ult-spacer spacer-69e4df3a03818\" data-id=\"69e4df3a03818\" data-height=\"20\" data-height-mobile=\"20\" data-height-tab=\"20\" data-height-tab-portrait=\"\" data-height-mobile-landscape=\"\" style=\"clear:both;display:block;\"><\/div>[\/vc_column][\/vc_row]\n<\/div>","protected":false},"excerpt":{"rendered":"<p>[vc_row dfd_row_config=&#187;default_row_no_paddings&#187;][vc_column][\/vc_column][\/vc_row][vc_row][vc_column width=&#187;1\/3&#8243; column_prebuilt_classes=&#187;dfd-mobile-remove-all-paddings&#187; css=&#187;.vc_custom_1453813001966{padding: 10px !important;}&#187;][vc_column_text css=&#187;.vc_custom_1537776547894{padding-top: 10px !important;padding-right: 10px !important;padding-bottom: 10px !important;padding-left: 10px !important;}&#187;]TOM SENN carry over Installation, Objekte und Bilder Tom Senn schafft mit seinen \u00abProtagonisten\u00bb, so<\/p>\n","protected":false},"author":1,"featured_media":15158,"parent":0,"menu_order":10,"comment_status":"closed","ping_status":"closed","template":"","meta":{"_acf_changed":false,"footnotes":""},"tags":[76],"folder":[],"acf":[],"_links":{"self":[{"href":"https:\/\/lichtfeld.ch\/wordpress\/wp-json\/wp\/v2\/pages\/15195"}],"collection":[{"href":"https:\/\/lichtfeld.ch\/wordpress\/wp-json\/wp\/v2\/pages"}],"about":[{"href":"https:\/\/lichtfeld.ch\/wordpress\/wp-json\/wp\/v2\/types\/page"}],"author":[{"embeddable":true,"href":"https:\/\/lichtfeld.ch\/wordpress\/wp-json\/wp\/v2\/users\/1"}],"replies":[{"embeddable":true,"href":"https:\/\/lichtfeld.ch\/wordpress\/wp-json\/wp\/v2\/comments?post=15195"}],"version-history":[{"count":0,"href":"https:\/\/lichtfeld.ch\/wordpress\/wp-json\/wp\/v2\/pages\/15195\/revisions"}],"wp:featuredmedia":[{"embeddable":true,"href":"https:\/\/lichtfeld.ch\/wordpress\/wp-json\/wp\/v2\/media\/15158"}],"wp:attachment":[{"href":"https:\/\/lichtfeld.ch\/wordpress\/wp-json\/wp\/v2\/media?parent=15195"}],"wp:term":[{"taxonomy":"post_tag","embeddable":true,"href":"https:\/\/lichtfeld.ch\/wordpress\/wp-json\/wp\/v2\/tags?post=15195"},{"taxonomy":"folder","embeddable":true,"href":"https:\/\/lichtfeld.ch\/wordpress\/wp-json\/wp\/v2\/folder?post=15195"}],"curies":[{"name":"wp","href":"https:\/\/api.w.org\/{rel}","templated":true}]}}